{"id":75,"date":"2022-06-09T09:41:30","date_gmt":"2022-06-09T09:41:30","guid":{"rendered":"http:\/\/apartamentywesola.com.pl\/?page_id=75"},"modified":"2022-06-13T13:17:11","modified_gmt":"2022-06-13T13:17:11","slug":"o-nas","status":"publish","type":"page","link":"https:\/\/apartamentywesola.com.pl\/index.php\/wesola-8\/o-nas\/","title":{"rendered":"Apartamenty"},"content":{"rendered":"\t\t<div data-elementor-type=\"wp-page\" data-elementor-id=\"75\" class=\"elementor elementor-75\">\n\t\t\t\t\t\t<section class=\"elementor-section elementor-top-section elementor-element elementor-element-f24eab3 elementor-section-boxed elementor-section-height-default elementor-section-height-default\" data-id=\"f24eab3\" data-element_type=\"section\" data-e-type=\"section\">\n\t\t\t\t\t\t<div class=\"elementor-container elementor-column-gap-default\">\n\t\t\t\t\t<div class=\"elementor-column elementor-col-50 elementor-top-column elementor-element elementor-element-3429508\" data-id=\"3429508\" data-element_type=\"column\" data-e-type=\"column\">\n\t\t\t<div class=\"elementor-widget-wrap elementor-element-populated\">\n\t\t\t\t\t\t<div class=\"elementor-element elementor-element-725314f elementor-widget elementor-widget-text-editor\" data-id=\"725314f\" data-element_type=\"widget\" data-e-type=\"widget\" data-widget_type=\"text-editor.default\">\n\t\t\t\t<div class=\"elementor-widget-container\">\n\t\t\t\t\t\t\t\t\t<p><span style=\"color: #000000;\"><strong>Do Pa\u0144stwa dyspozycji oddajemy trzy, dwupokojowe apartamenty\u00a0 mog\u0105ce pomie\u015bci\u0107 4-5 os\u00f3b. Oraz apartament 2 osobowy.<\/strong><\/span><\/p><p><span style=\"color: #000000;\"><strong>\u00a0Wszystkie apartamenty wyposa\u017cone s\u0105 w<br \/><\/strong><\/span><\/p><ul><li><span style=\"color: #000000;\"><strong>Aneks kuchenny, wraz z podstawowym wyposa\u017ceniem (garnki, patelnie,talerze, sztu\u0107ce)<\/strong><\/span><\/li><li><span style=\"color: #000000;\"><strong> \u0141azienk\u0119<span style=\"color: #ff0000;\">*<\/span><br \/><\/strong><\/span><\/li><li><span style=\"color: #000000;\"><strong>TV oraz WiFi <\/strong><\/span><\/li><li><strong><span style=\"color: #000000;\">Taras i miejsce parkingowe<\/span> <\/strong><\/li><\/ul><p><strong><span style=\"color: #ff0000;\">*Prosimy o zabranie swoich r\u0119cznik\u00f3w<\/span><\/strong><\/p>\t\t\t\t\t\t\t\t<\/div>\n\t\t\t\t<\/div>\n\t\t\t\t\t<\/div>\n\t\t<\/div>\n\t\t\t\t<div class=\"elementor-column elementor-col-50 elementor-top-column elementor-element elementor-element-dd7abf6\" data-id=\"dd7abf6\" data-element_type=\"column\" data-e-type=\"column\">\n\t\t\t<div class=\"elementor-widget-wrap elementor-element-populated\">\n\t\t\t\t\t\t<div class=\"elementor-element elementor-element-1edb7ca elementor-widget elementor-widget-image\" data-id=\"1edb7ca\" data-element_type=\"widget\" data-e-type=\"widget\" data-widget_type=\"image.default\">\n\t\t\t\t<div class=\"elementor-widget-container\">\n\t\t\t\t\t\t\t\t\t\t\t\t\t\t\t<img fetchpriority=\"high\" decoding=\"async\" width=\"1024\" height=\"586\" src=\"https:\/\/apartamentywesola.com.pl\/wp-content\/uploads\/2022\/06\/97543028_2878488568866236_4404592645412308339_n-1024x586.jpg\" class=\"attachment-large size-large wp-image-77\" alt=\"\" srcset=\"https:\/\/apartamentywesola.com.pl\/wp-content\/uploads\/2022\/06\/97543028_2878488568866236_4404592645412308339_n-1024x586.jpg 1024w, https:\/\/apartamentywesola.com.pl\/wp-content\/uploads\/2022\/06\/97543028_2878488568866236_4404592645412308339_n-300x172.jpg 300w, https:\/\/apartamentywesola.com.pl\/wp-content\/uploads\/2022\/06\/97543028_2878488568866236_4404592645412308339_n-768x439.jpg 768w, https:\/\/apartamentywesola.com.pl\/wp-content\/uploads\/2022\/06\/97543028_2878488568866236_4404592645412308339_n-900x515.jpg 900w, https:\/\/apartamentywesola.com.pl\/wp-content\/uploads\/2022\/06\/97543028_2878488568866236_4404592645412308339_n-400x229.jpg 400w, https:\/\/apartamentywesola.com.pl\/wp-content\/uploads\/2022\/06\/97543028_2878488568866236_4404592645412308339_n.jpg 1080w\" sizes=\"(max-width: 1024px) 100vw, 1024px\" \/>\t\t\t\t\t\t\t\t\t\t\t\t\t\t\t<\/div>\n\t\t\t\t<\/div>\n\t\t\t\t\t<\/div>\n\t\t<\/div>\n\t\t\t\t\t<\/div>\n\t\t<\/section>\n\t\t\t\t<\/div>\n\t\t","protected":false},"excerpt":{"rendered":"<p>Do Pa\u0144stwa dyspozycji oddajemy trzy, dwupokojowe apartamenty\u00a0 mog\u0105ce pomie\u015bci\u0107 4-5 os\u00f3b. Oraz apartament 2 osobowy. \u00a0Wszystkie apartamenty wyposa\u017cone s\u0105 w Aneks kuchenny, wraz z podstawowym wyposa\u017ceniem (garnki, patelnie,talerze, sztu\u0107ce) \u0141azienk\u0119* TV oraz WiFi Taras i miejsce parkingowe *Prosimy o zabranie swoich r\u0119cznik\u00f3w<\/p>\n","protected":false},"author":1,"featured_media":0,"parent":13,"menu_order":0,"comment_status":"closed","ping_status":"closed","template":"","meta":{"_monsterinsights_skip_tracking":false,"_monsterinsights_sitenote_active":false,"_monsterinsights_sitenote_note":"","_monsterinsights_sitenote_category":0,"neve_meta_sidebar":"","neve_meta_container":"","neve_meta_enable_content_width":"","neve_meta_content_width":0,"neve_meta_title_alignment":"","neve_meta_author_avatar":"","neve_post_elements_order":"","neve_meta_disable_header":"","neve_meta_disable_footer":"","neve_meta_disable_title":"","footnotes":""},"class_list":["post-75","page","type-page","status-publish","hentry"],"aioseo_notices":[],"_links":{"self":[{"href":"https:\/\/apartamentywesola.com.pl\/index.php\/wp-json\/wp\/v2\/pages\/75","targetHints":{"allow":["GET"]}}],"collection":[{"href":"https:\/\/apartamentywesola.com.pl\/index.php\/wp-json\/wp\/v2\/pages"}],"about":[{"href":"https:\/\/apartamentywesola.com.pl\/index.php\/wp-json\/wp\/v2\/types\/page"}],"author":[{"embeddable":true,"href":"https:\/\/apartamentywesola.com.pl\/index.php\/wp-json\/wp\/v2\/users\/1"}],"replies":[{"embeddable":true,"href":"https:\/\/apartamentywesola.com.pl\/index.php\/wp-json\/wp\/v2\/comments?post=75"}],"version-history":[{"count":23,"href":"https:\/\/apartamentywesola.com.pl\/index.php\/wp-json\/wp\/v2\/pages\/75\/revisions"}],"predecessor-version":[{"id":295,"href":"https:\/\/apartamentywesola.com.pl\/index.php\/wp-json\/wp\/v2\/pages\/75\/revisions\/295"}],"up":[{"embeddable":true,"href":"https:\/\/apartamentywesola.com.pl\/index.php\/wp-json\/wp\/v2\/pages\/13"}],"wp:attachment":[{"href":"https:\/\/apartamentywesola.com.pl\/index.php\/wp-json\/wp\/v2\/media?parent=75"}],"curies":[{"name":"wp","href":"https:\/\/api.w.org\/{rel}","templated":true}]}}